1
What is the greatest common factor of 15 and 9680?
5
Calculate the highest common divisor of 28 and 224.
28
Calculate the highest common factor of 4995 and 270.
135
Calculate the greatest common divisor of 23 and 19757.
23
What is the greatest common divisor of 76 and 1684?
4
What is the greatest common factor of 4040 and 35?
5
Calculate the highest common factor of 1978 and 46.
46
Calculate the greatest common divisor of 798 and 98.
14
Calculate the highest common divisor of 9792 and 510.
102
What is the greatest common factor of 9 and 1029?
3
What is the greatest common divisor of 77 and 1749?
11
What is the highest common divisor of 184 and 460?
92
Calculate the greatest common factor of 406 and 7.
7
Calculate the highest common divisor of 713 and 184.
23
Calculate the highest common factor of 39 and 169.
13
Calculate the highest common divisor of 19 and 1349.
19
What is the highest common divisor of 1169 and 7?
7
What is the greatest common factor of 299 and 26?
13
Calculate the greatest common factor of 540 and 140.
20
What is the greatest common divisor of 69 and 1173?
69
Calculate the highest common factor of 32 and 25.
1
What is the highest common divisor of 14 and 18830?
14
What is the highest common divisor of 4 and 1?
1
What is the highest common divisor of 651 and 21?
21
Calculate the greatest common divisor of 1072 and 402.
134
Calculate the greatest common divisor of 17 and 28679.
17
What is the greatest common divisor of 981 and 63?
9
Calculate the greatest common factor of 420 and 2400.
60
Calculate the highest common divisor of 12 and 171.
3
What is the highest common factor of 1834 and 14?
14
Calculate the highest common factor of 2755 and 580.
145
What is the highest common factor of 392 and 224?
56
What is the highest common factor of 2934 and 150?
6
What is the greatest common divisor of 40 and 24?
8
What is the highest common divisor of 74514 and 44?
22
Calculate the greatest common divisor of 220 and 572.
44
Calculate the greatest common factor of 84 and 12.
12
Calculate the highest common divisor of 80 and 60.
20
What is the greatest common divisor of 790 and 10?
10
Calculate the highest common factor of 6 and 822.
6
Calculate the greatest common factor of 492 and 31652.
164
What is the greatest common factor of 38 and 893?
19
Calculate the greatest common factor of 280 and 40.
40
Calculate the greatest common factor of 8 and 1452.
4
What is the greatest common divisor of 41 and 656?
41
What is the greatest common divisor of 219 and 73?
73
What is the greatest common divisor of 203 and 25984?
203
Calculate the greatest common divisor of 18 and 288.
18
Calculate the greatest common divisor of 3 and 32.
1
Calculate the highest common divisor of 165 and 5.
5
Calculate the highest common divisor of 4 and 38.
2
Calculate the highest common divisor of 276 and 64.
4
Calculate the highest common divisor of 177 and 18939.
177
What is the highest common divisor of 48 and 96?
48
Calculate the highest common factor of 112 and 1064.
56
What is the highest common divisor of 135 and 270?
135
What is the highest common factor of 4 and 2201?
1
What is the greatest common divisor of 770 and 35?
35
Calculate the highest common divisor of 2152 and 64.
8
Calculate the greatest common divisor of 110 and 198.
22
What is the highest common factor of 1397 and 11?
11
What is the greatest common divisor of 4700 and 100?
100
What is the greatest common factor of 1105 and 60?
5
What is the highest common factor of 19 and 152?
19
What is the highest common factor of 1938 and 152?
38
What is the greatest common divisor of 102 and 374?
34
Calculate the greatest common factor of 126 and 18.
18
What is the highest common divisor of 97 and 10864?
97
Calculate the highest common factor of 39 and 312.
39
Calculate the highest common factor of 22 and 1738.
22
Calculate the greatest common divisor of 92 and 9292.
92
What is the highest common divisor of 12 and 246?
6
What is the highest common divisor of 134 and 2?
2
What is the highest common factor of 378 and 210?
42
What is the greatest common divisor of 22 and 3938?
22
What is the greatest common factor of 64 and 8?
8
Calculate the highest common factor of 4251 and 1090.
109
Calculate the highest common divisor of 65 and 40.
5
What is the greatest common divisor of 1276 and 2684?
44
What is the greatest common divisor of 5073 and 1068?
267
Calculate the highest common factor of 4408 and 5800.
232
What is the greatest common factor of 8095 and 10?
5
What is the highest common divisor of 36 and 12?
12
Calculate the greatest common divisor of 1045 and 110.
55
Calculate the greatest common divisor of 46 and 253.
23
Calculate the greatest common factor of 15 and 7170.
15
What is the greatest common factor of 702 and 52?
26
What is the greatest common factor of 725 and 75?
25
What is the greatest common divisor of 6431 and 59?
59
Calculate the greatest common factor of 132 and 3288.
12
What is the highest common factor of 1079 and 332?
83
Calculate the highest common divisor of 936 and 182.
26
Calculate the highest common factor of 96 and 1312.
32
What is the highest common divisor of 150 and 100?
50
What is the highest common divisor of 138 and 230?
46
Calculate the highest common divisor of 270 and 21.
3
Calculate the greatest common factor of 1702 and 46.
46
Calculate the greatest common factor of 25 and 1680.
5
What is the highest common factor of 520 and 65?
65
What is the greatest common divisor of 42 and 98?
14
Calculate the greatest common divisor of 460 and 500.
20
Calculate the greatest common divisor of 81 and 891.
81
What is the greatest common factor of 2529 and 10678?
281
Calculate the highest common factor of 13 and 39.
13
Calculate the highest common divisor of 60 and 45.
15
Calculate the highest common divisor of 1914 and 696.
174
Calculate the greatest common factor of 95 and 171.
19
What is the highest common factor of 13664 and 280?
56
Calculate the highest common factor of 15 and 3.
3
What is the greatest common divisor of 14 and 5726?
14
What is the greatest common divisor of 160 and 112?
16
What is the greatest common factor of 255 and 408?
51
Calculate the highest common divisor of 45 and 639.
9
Calculate the highest common factor of 2120 and 140.
20
What is the greatest common divisor of 208 and 1404?
52
Calculate the greatest common divisor of 16 and 30048.
16
What is the greatest common factor of 2 and 64?
2
Calculate the greatest common divisor of 52 and 39.
13
Calculate the greatest common factor of 120 and 33480.
120
What is the highest common divisor of 38 and 14554?
38
What is the greatest common divisor of 308 and 231?
77
What is the greatest common factor of 27 and 1728?
27
Calculate the greatest common divisor of 22339 and 356.
89
What is the greatest common factor of 1800 and 36?
36
What is the greatest common divisor of 1295 and 13135?
185
Calculate the greatest common factor of 1107 and 41.
41
Calculate the greatest common divisor of 122700 and 30.
30
Calculate the highest common factor of 2844 and 84.
12
What is the highest common factor of 23502 and 6?
6
What is the highest common divisor of 88 and 1584?
88
Calculate the greatest common factor of 130 and 410.
10
Calculate the highest common divisor of 1105 and 65.
65
Calculate the highest common divisor of 531 and 18.
9
Calculate the highest common divisor of 96088 and 8.
8
What is the greatest common factor of 448 and 7?
7
Calculate the highest common divisor of 2162 and 230.
46
What is the highest common divisor of 28 and 13678?
14
Calculate the greatest common factor of 27 and 4671.
27
What is the greatest common factor of 19 and 95?
19
What is the highest common factor of 118 and 118?
118
Calculate the greatest common factor of 15 and 10425.
15
What is the highest common divisor of 83100 and 300?
300
What is the highest common factor of 792 and 418?
22
What is the highest common divisor of 4650 and 450?
150
Calculate the highest common divisor of 42 and 6.
6
What is the highest common divisor of 196 and 49?
49
Calculate the greatest common factor of 13407 and 492.
123
Calculate the greatest common factor of 16216 and 8.
8
Calculate the highest common factor of 176 and 16.
16
Calculate the greatest common divis